hat is the units digit of l?
7
Suppose 7966 = 2*i - 5*n - 3110, 3*n = 4*i - 22180. What is the hundreds digit of i?
5
What is the thousands digit of (-3)/12 - 1580463/(-268)?
5
Let i = 13 - 4. Suppose -3*r + 9 = 0, -5*x + 23 = 21*r - 20*r. Let t = i - x. What is the units digit of t?
5
Let t = 12035 - 2264. What is the hundreds digit of t?
7
Suppose -2*x = -0*x - 24. Suppose -5*b = -5*n + 13 + x, 2*n + 4*b - 16 = 0. Suppose 0 = -2*u + 4*w + 174, -2*w + n*w + 255 = 3*u. What is the units digit of u?
1
What is the ten thousands digit of ((-450)/(-3) - 2)*(74778/44)/11?
2
Suppose 175*a - 14340 = 169*a. Let w = a - 1480. What is the tens digit of w?
1
Let a(b) = 6*b**2 - 350*b + 173. What is the thousands digit of a(64)?
2
Suppose 87 = 5*b + 2*u, 1 - 5 = u. Let v be (b + -2 - (2 + -2)) + -3. What is the units digit of 515/4 - (v/8 - 2)?
9
Let b(l) = 2*l**3 - 42*l**2 - 6*l - 2. Let a be b(21). Let x be 41*(-4 - (0 + 1)). Let n = a - x. What is the tens digit of n?
7
Let r(g) = 1874*g + 389. What is the hundreds digit of r(4)?
8
Suppose 99*n - 17*n = 1874768 + 1283790. What is the units digit of n?
9
Let o be (-15)/2*(-4)/5. Let p be -2 - 1 - (-8 + o). What is the tens digit of (11/(-3))/(p/15)?
5
Let c(q) = -q + 7. Let y be c(3). Suppose -22 = -3*a - y*f, 3*a + 0*f - 28 = -f. What is the hundreds digit of (-114)/a*2*-5?
1
Let a(l) = 23*l**2 - 5*l + 8 + 3*l + 12 + 82*l**2. What is the hundreds digit of a(4)?
6
Let a(s) = 205*s + 41. Let t(d) = d**2 + 6*d - 22. Let k be t(-9). What is the hundreds digit of a(k)?
0
Suppose -3*c + 106836 = -3*s, -142454 = -595*c + 591*c + s. What is the thousands digit of c?
5
Let n(u) = -124*u**2 + 1402*u + 14. What is the thousands digit of n(9)?
2
Let m = -28 + 72. Let z = -73 + m. Let g(t) = t**2 + 26*t - 9. What is the tens digit of g(z)?
7
What is the units digit of (1136/(-32))/(7/(-1246))?
9
Let d(t) = -3*t**2 - 33*t - 16*t + 43 + 76*t + 2*t**2. Let o be 1/(3 + (-204)/69). What is the hundreds digit of d(o)?
1
What is the units digit of 3/((48/(-8))/(-6))*(-18187)/(-3)?
7
Suppose 0 = -3*x + 15, -2*t - 2*x - 2*x - 148 = 0. What is the units digit of (-4924)/(-14) + (2 - t/(-49))?
2
Let t(g) = -g**3 + 4*g**2 - 3*g - 2. Let m be t(3). Let j be m/(-10) + (-716)/(-20). What is the units digit of j/24 - (-133)/2?
8
Suppose 6*p - 2*p + 20 = 0. Let t be 16/p*(-455)/14. Suppose -t = -4*g - 20. What is the tens digit of g?
2
Let n = 533 + -528. Suppose 0 = -n*z - 5*d + 4940, -3*z + 7*d + 2980 = 6*d. What is the units digit of z?
2
Let k be 1 + -237*8/3. Let s = 778 - k. What is the thousands digit of s?
1
Suppose 2 = f - 0*f. Suppose -4*j + 0*j + 302 = -f*s, 3*s + 141 = 2*j. Let h = j - -103. What is the tens digit of h?
8
Let b be 8 + (-8)/((-24)/(-27)). What is the thousands digit of (-1290)/b + (-168)/(-21)?
1
Suppose -105*f + 1398910 - 421785 = 20*f. What is the thousands digit of f?
7
Let d(z) = 62*z**2 + 294*z + 1733. What is the hundreds digit of d(-6)?
2
Suppose -47 = 3*c + 115. Let j = c - -24. What is the units digit of (-484)/j + 12/(-90) - 2?
4
Suppose 0 = 5*u + 4*z + 55, 2*u + 2*z + 29 = -z. Let n(o) = o**2 + 9*o + 30. What is the units digit of n(u)?
6
Let j(n) = -4*n**2 - 184*n - 147. What is the hundreds digit of j(-40)?
8
Suppose -55 = 12*n - 7*n. Let r = -11 - n. Suppose k - 156 = -a - k, 3*a - 4*k - 448 = r. What is the tens digit of a?
5
Suppose -4*l + 4*z = z - 42, 4*z + 8 = 0. Suppose -3*m = 4*v - 1836, -l*m - 1864 = -4*v - 5*m. What is the tens digit of v?
6
Let b = -159 - -3757. What is the units digit of b?
8
Let d be (0/(-5) + 3)*(1 + 0). Let t = -20 - -19. What is the tens digit of 1/t*-68 - d?
6
Let y be 10*11/(5 - -6). Suppose m = -26 + 302. Suppose -y*f + m = -6*f. What is the tens digit of f?
6
Let y(d) = -d**3 + 131*d**2 + 60*d + 1087. What is the thousands digit of y(127)?
3
Let b = 1315 - -76. Let y = b + -695. What is the units digit of y?
6
Suppose 88*b - 59*b = 145. Suppose -5*r - 3*z = -6*z - 4970, 0 = b*z. What is the tens digit of r?
9
Let l(d) be the third derivative of -d**4/2 - 4*d**3/3 + 2*d**2. Suppose 22*a - 26*a - 8 = 0. What is the tens digit of l(a)?
1
Let u = 304 + -300. Suppose h = -i + 152, -i = u*h - 33 - 122. What is the tens digit of i?
5
Let j(f) = -48*f**3 - 5*f**2 - 34*f - 10. What is the units digit of j(-5)?
5
Let n = -39 - -45. Suppose 0*h - n = -3*h. Suppose -6*k + h*k = -160. What is the tens digit of k?
4
Suppose 21*j = -d + 23*j + 43719, 2*d = -5*j + 87402. What is the hundreds digit of d?
7
Let g be ((-2 - -5) + -4)/((-4)/8). Let d be (-2)/g*(-5)/(-5). What is the tens digit of ((-438)/10)/(d/5)?
1
Let a(p) = 3 + 2 + 17 - 6 + 52*p. Let w be a(26). Suppose 7*f - f - w = 0. What is the units digit of f?
8
Let v be (-4)/(-7) + 540/(-210). What is the hundreds digit of (-29)/(v/(12/1))?
1
Let j = 106 + 125. Suppose 15*s - 129 = j. What is the tens digit of s?
2
Let n(f) = f**2 + 28*f - 21*f + 13 + 0*f**2. Let t be n(-5). Suppose -m - 2*m - 147 = -t*s, -s - m = -41. What is the tens digit of s?
4
Let r(l) = -99*l + 5749. What is the units digit of r(4)?
3
Suppose 16 = 4*d - 3*f - 2, 0 = -5*f - 10. Let h be 1/(1/d*-3). What is the tens digit of (-3 - h - 2) + 46?
4
Let k(m) = 37*m + 3 - 13 - 9*m**2 + 4*m**3 - 2*m**3 - 23*m. What is the units digit of k(5)?
5
Let x(n) = 6*n**3 + 601*n**2 - 83*n - 225. What is the hundreds digit of x(-100)?
0
Let j(a) = 3*a**3 - 16*a**2 - 12*a + 159. What is the units digit of j(15)?
4
Let z be -51*-1*(-18)/2. What is the hundreds digit of (z/12)/((-15)/80)?
2
Let r be (-23 + 5)/(-6) + 2. Suppose 1197 = 4*l + r*a, -3*l = -a - 48 - 845. What is the tens digit of l?
9
Let q(t) = 3*t**2 - 129*t + 50. What is the units digit of q(88)?
0
Let i be (-30 + 37)*2/7. What is the units digit of i/12 + 1927/282?
7
Suppose 0 = 4*f - 72 + 208. Let p = f + 43. What is the tens digit of 767/p + 6/(-27)?
8
What is the hundreds digit of (-2)/13 - (-1296)/312 - -219?
2
Suppose -2*j - 4*m = -12565 - 19167, 0 = -2*j - 2*m + 31724. What is the units digit of j?
8
Suppose -7 = -k, -4*k = -3*j - 3375 + 14177. What is the thousands digit of j?
3
Suppose 3037*r - 3041*r = -5*v + 300432, -6*v + 3*r + 360513 = 0. What is the units digit of v?
4
Let s = 8 - 23. What is the hundreds digit of -149*((-2)/s + 136/(-120))?
1
Suppose 13*m + 12 = 7*m. Let n be (74/30 - m/10)*-3. Let w(v) = v**2 + 2. What is the tens digit of w(n)?
6
Suppose -8929 = -12*q + 20519. What is the thousands digit of q?
2
Suppose 0 = -6083*c + 6095*c - 11904. What is the units digit of c?
2
Let u = 74 - 95. Let i = u + 79. Let o = i - -125. What is the units digit of o?
3
Suppose a + 65 = 2*i - 423, -a = 2*i - 484. What is the units digit of 10*7*i/54?
5
Suppose 0 = -8*y + 5*y - 714. Let s = 86 - y. Suppose -2*j = -5*j + 3*c + s, 5*c = 2*j - 219. What is the units digit of j?
7
Suppose 144*h - 3036392 = -548698 + 799538. What is the hundreds digit of h?
8
Let q = 169 - 165. Suppose 0 = w - 13*y + 8*y - 346, q*w = 3*y + 1367. What is the tens digit of w?
4
Let i(w) = -7*w - 101. Let q be i(-15). Suppose -l + 1762 = -2*d + 171, q*d + 7961 = 5*l. What is the thousands digit of l?
1
Suppose -y - y = -12. Suppose 0 = -0*v + 2*v - n + y, v - n + 3 = 0. What is the units digit of 141 - (v + (5 - 0))?
9
Let m(r) = r - 3. Let h be m(7). Let d(n) = -5 - h*n + 2*n - 12*n + 4. What is the units digit of d(-6)?
3
What is the thousands digit of 9/(-2) + 4 - (-198842)/28?
7
Let l = -8988 + 20134. What is the tens digit of l?
4
Let v = 67 + -31. Let p = 44 - v. Suppose 0 = -3*d + p*d - 4*i - 161, -5*i - 94 = -3*d. What is the units digit of d?
3
Let a = 42 - 41. Let d be (2/2)/(a/5). Suppose d*q + 0*p = p + 1230, -5*q + 5*p = -1230. What is the hundreds digit of q?
2
Let a(m) be the second derivative of -m**4/4 + m**3 - 3*m**2 + m. Let u be a(3). Let j = 9 - u. What is the units digit of j?
4
Let m(w) = -w**3 + 3*w**2 - 3*w + 5. Let n be m(2). Suppose -h - 855 = -2*y, 7*h = n*h - 20. What is the hundreds digit of y?
4
Let a(q) = 1714*q**2 + 4*q. Let c be a(1). Suppose 986 = 16*u - c. What is the hundreds digit of u?
1
Let d = -1124 - -776. Let k(b) = b**3 + 18*b**2 + 21*b + 56. Let w be k(-8). Let v = w + d. What is the units digit of v?
0
Let u = 4029 - 1813. Let w = -1235 + u. What is the units dig